t o be ((36/6)/(-3) - (2 + -3)) + -6. Calculate b(o).
8
Let y(u) be the first derivative of 3*u**2/2 + 6*u + 1. Suppose 0*g - 110 = -2*g + a, 0 = -4*g - 4*a + 244. Let x = 52 - g. Determine y(x).
-9
Let l(z) = z + 1. Let t(a) = -a**2 - 10*a - 3. Let i be t(-9). Calculate l(i).
7
Let c(g) = 45*g**2 - 6 - g**3 - 9*g - 71*g**2 + 18*g**2. What is c(-7)?
8
Let k(h) be the third derivative of 0*h - 1/3*h**3 + 0 + h**2 + 1/24*h**4. Let s be 90/(-40) - 6/8. What is k(s)?
-5
Let v = 36 - 34. Suppose 0 = -0*b - v*b + f - 3, -5*f = -3*b - 22. Let p(i) = -5*i - 1 + 1 - 1. Give p(b).
-6
Suppose l = 0, l = -2*s + 5*s + 90. Let t be ((-2)/(-1))/((-20)/s). Let v(o) = o - 4 - t + 4 + o**2 + 2. Give v(1).
1
Let u = 56 - 38. Suppose 0 = -3*j + 4*t + 2 + 33, -5*t = j - u. Let c(g) = 5 - 3*g - j + 2. Give c(-5).
9
Let g(x) be the first derivative of 1/4*x**4 + 11/3*x**3 + 13*x + 22 + 11/2*x**2. Determine g(-10).
3
Let p(b) = 47*b**2 + b**3 - 24*b**2 - 13 - 23*b**2 - 1. Determine p(0).
-14
Let g be 1/4 + (-15)/(-4). Let x(f) = f + 1. Let m(n) = 5*n + 3. Let k(i) = -m(i) + 4*x(i). Calculate k(g).
-3
Let s(c) = c**2 - 9 + 0 - 2 + 6 + 6*c. Let u = -7 - 0. Determine s(u).
2
Suppose w - 6 = 3*w. Let y be w/(-5) + 297/55. Suppose 3*h + 4*n = -13, -5*h - y - 7 = -2*n. Let p(s) = s**3 + 2*s**2 + 2. Give p(h).
-7
Let t(w) = 11*w**3 - 4*w**2 - 17*w - 7. Let b = -11 + 19. Let z = 4 - b. Let n(s) = -5*s**3 + 2*s**2 + 8*s + 3. Let g(x) = z*t(x) - 9*n(x). Give g(3).
-2
Let a = -10 - -4. Let j(q) = q**3 + 4*q**2 - 9*q + 12. Determine j(a).
-6
Suppose -11*i = 7*i - 18. Let a(y) = -4*y**3 - y**2 + 7*y + 5. Let k(x) = -x**3 + x + 1. Let m(b) = -a(b) + 6*k(b). Calculate m(i).
-1
Suppose t + 6 = 5*m - 2*t, -4*m - 5*t + 27 = 0. Let c(b) = 1 + m*b + 3 - b**3 + 3*b**2 + 11*b - 10*b. Determine c(4).
4
Let r be (-5 + 0 - 16/(-6))*-3. Let c(p) = p**2 - 10*p + 7. Determine c(r).
-14
Suppose -4*i - 16 - 16 = 0. Let g(k) be the second derivative of -k**4/12 - 7*k**3/6 + 9*k**2/2 - 35*k + 19. What is g(i)?
1
Let g(i) be the second derivative of -4/3*i**3 - 11*i - 3/2*i**2 + 1/12*i**4 + 0. Give g(6).
-15
Let u(v) = -v + 1. Suppose k = -3*t + 7, 2*t - 5*k + 14 = -4. Let d(a) = 1 - 2*a + t - 1. Let z(m) = 2*d(m) - 5*u(m). Determine z(4).
1
Let v(n) = -n**2 + 7*n - 2. Suppose -104 = -0*l + 3*l - 5*g, -l = -4*g + 44. Suppose 73 + 19 = -4*t. Let x = t - l. Give v(x).
8
Let h(q) = q**2 - 3*q + 3. Let l be (2/8)/((-17)/(-272)). Calculate h(l).
7
Let j(f) = -2*f - 4. Suppose -5*h + 60 = -0*h. Let l = h + -10. Suppose 4*a - l*y = 2*y, -4 = 4*a - 3*y. Calculate j(a).
4
Let r(h) be the third derivative of 0*h - 1/24*h**4 - 12*h**2 - 11/6*h**3 + 0. Give r(-8).
-3
Suppose 0 = -h - 4*h. Let t(f) be the first derivative of f**4/4 + f**2/2 - 6*f + 260. What is t(h)?
-6
Suppose 4 = -2*k, k = 3*b + 4*k - 9. Suppose 5*j - 5 = -5*p, -b*j + p + 16 = -13. Let u(q) = -q**2 + 7*q - 7. What is u(j)?
3
Let p(j) = -2*j - 20. Let o be p(-14). Suppose -6*x - o = -8*x. Let h(b) = b**3 - 5*b**2 + 4*b - 4. Let a be h(x). Let q(v) = 2*v - 5. Give q(a).
-13
Let x(q) = q**2 - 15*q - 16. Let k be x(16). Suppose 5*v = -k*v - 30. Let z(f) = f**3 + 5*f**2 - 9*f - 6. Calculate z(v).
12
Suppose -4*a = a - 3*n - 3, 0 = -2*n + 8. Let r(f) = -4*f + f - 6*f**2 - f - 4. Let m(w) = w**2 + w. Let z(p) = -5*m(p) - r(p). What is z(a)?
10
Let z(n) = 5*n + 4. Let a(t) = -10*t - 7. Let h(m) = 3*a(m) + 5*z(m). Let v be (24/10)/(9/(-150)). Let p = 42 + v. Calculate h(p).
-11
Let q(l) be the third derivative of l**7/1260 - l**6/240 + 17*l**5/60 - 32*l**2. Let k(j) be the third derivative of q(j). Give k(2).
5
Let f(a) = -3 + 0 - a**2 - 18*a + 11*a. Let i be -2 + 2 + 4 + -4 + -4. Determine f(i).
9
Let b(h) = 2*h**2 - 6*h - 10. Let v be b(5). Let s(o) = -o**2 + 12*o - 8. Determine s(v).
12
Let m(l) = 0 - l**2 + 3*l + 2*l**2 + 3. Let c = -102 - -112. Suppose c*h - 30 = 25*h. Give m(h).
1
Suppose -52 = 1227*r - 1240*r. Let p(o) = -4*o - 4. Let t(y) = -4*y - 3. Let s(g) = 2*p(g) - 3*t(g). Determine s(r).
17
Let t(a) be the second derivative of -a**5/60 - a**4/4 + 7*a**3/6 - 18*a. Let k(d) be the second derivative of t(d). What is k(-4)?
2
Let k be (-21)/14*(2 + -4). Let f(c) = 10*c + 4. What is f(k)?
34
Let j(u) = 3*u + 2. Let k(x) = 10*x - 14. Let y(g) = 3*j(g) - k(g). What is y(12)?
8
Let k(l) = -12*l + 28. Let p be k(2). Let d(f) = 2*f**3 - 9*f**2 + 5*f + 4. Determine d(p).
8
Let w(p) be the first derivative of 19*p**2 + p + 56. What is w(-1)?
-37
Let g be 11/((-1089)/27) - 60/22. Let f(h) be the third derivative of -h**6/120 - h**5/30 + h**4/24 + h**3/3 + h**2. What is f(g)?
8
Let r(c) be the second derivative of c**5/10 - c**4/12 - c**2/2 + 7*c + 3. Calculate r(2).
11
Let h(w) = 37*w**3 - 36*w**3 + 5 + 1 - 2 - 7*w**2 - 8*w. Give h(8).
4
Let w(m) = m**2 + 18*m - 27. Let t be 3/(6/19)*-2. What is w(t)?
-8
Let b(q) = -16*q**2 + 7*q + 1. Let k(i) = 14*i**2 - 6*i - 1. Let z(n) = 6*b(n) + 7*k(n). What is z(2)?
7
Let b(v) = -23*v**2 + v. Let c(u) = -u**2 + 4*u - 4. Let p be c(2). Suppose 5*t = -5*x - 20, p = -3*x - 6*t + 2*t - 17. Give b(x).
-22
Suppose 4*d + 4 = -0*d. Let p(z) be the third derivative of 6*z**2 + 1/6*z**4 - 1/6*z**3 + 0*z - 4. What is p(d)?
-5
Let o = -4 - -6. Suppose -22 + 8 = -o*v. Let f(m) = -5*m**2 - 2*m + 1. Let g(t) = 9*t**2 + 5*t - 1. Let x(k) = v*f(k) + 4*g(k). Calculate x(-4).
-5
Let x(n) = -n + 19. Suppose 3*t - 3*y - 24 = 0, -4*y + 4 = -0. Give x(t).
10
Let p(i) = 50*i - 25*i + 3 - 26*i. Let y = 70 - 65. Calculate p(y).
-2
Let s(i) = -i**2 - i + 2. Let a(v) = 2*v**3 + 2*v**2 + v. Let j be a(-2). Let k be (2/3)/(j/195). Let t(q) = -q - 16. Let c be t(k). What is s(c)?
-4
Let r(k) = -k**3 - 9*k**2 + 8*k. Let t be r(-10). Suppose -5*d + 10*d - 3*b = 15, 4*b = -t. Let q(a) = 3 - 1 + a**3 + 5. What is q(d)?
7
Let y(n) be the third derivative of n**6/120 + n**5/12 + n**4/24 + n**3/2 + 56*n**2 + 1. Calculate y(-5).
-2
Suppose b = 2*n - 16, -1501*n + 1497*n + 34 = -3*b. Let i(j) = -5*j + j**2 + 2*j + 4*j. What is i(b)?
2
Let a(r) = 1 + 24*r + 4 - 18*r - r**2. Determine a(6).
5
Let y = -1047 - -1052. Let g(u) = u**3 - 5*u**2 - 2*u + 5. What is g(y)?
-5
Suppose -56*r - u = -51*r - 5, r + 13 = -3*u. Let y(x) = 6*x**2 - 5*x + 4. Calculate y(r).
18
Let h(w) = -w + 2. Suppose -5 = 5*a, -3*a + 21 = 4*k - 8*a. What is h(k)?
-2
Let y(j) be the third derivative of j**5/20 - j**4/8 + j**3/6 + 372*j**2. What is y(1)?
1
Suppose -o = -2*o + 7. Let v(i) = -o*i**3 + 2*i + 1 + 0*i**2 - 3*i + i**2. Let f = -549 - -550. What is v(f)?
-6
Let g(o) = -2*o + 11. Let k = -462 - -453. Calculate g(k).
29
Let c(u) = 4. Let d(f) = f**2 + 5*f - 8. Let q(o) = c(o) - d(o). Determine q(-6).
6
Suppose -4 = -2*c - 0. Let g be 0/((4/c)/(-2)). Let l(o) = -o - 2 + g*o - 4. Give l(-4).
-2
Let g(o) = o + 13. Let m(v) = -12. Let u(i) = 4*g(i) + 5*m(i). Let h(b) = -3*b + 7. Let t(p) = 5*h(p) + 4*u(p). Give t(6).
9
Let x be 3/(-2 + 1) - -2. Let g(b) be the third derivative of -b**4/12 + 7*b**3/6 - 3*b**2. Let u(n) = -n + 6. Let v(i) = -6*g(i) + 7*u(i). Calculate v(x).
-5
Let h(g) = g + 2. Let x be 1*4 - (5 - 6). Let k(p) = -p + 8. Let n be k(x). Let s(y) = y**3 - 4*y**2 + 2*y - 2. Let d be s(n). Determine h(d).
-3
Suppose -2*j + 2*q - 8 = 0, 5*j + q - 3*q = -5. Let i(u) = -j + 5*u**2 - 3*u**2 - 4*u**3 + u**2 - u**2. What is i(1)?
-3
Let v = 249 - 249. Let z(r) = r**3 + r**2 - r + 14. Determine z(v).
14
Let k(v) be the second derivative of -v**5/20 - 2*v**4/3 - 5*v**3/3 - 9*v**2/2 - v + 2. Let w be ((-28)/12)/((-2)/(-6)). Let r = -14 - w. Determine k(r).
12
Let p = 11 - 5. Let o(n) be the first derivative of n**3/3 - 4*n**2 + 2*n + 3145. Calculate o(p).
-10
Let q be -2*3/((-2)/2). Let i(d) = 8*d - 9. Let j(h) = -h. Let a = 0 + 6. Let y(w) = a*j(w) + i(w). Calculate y(q).
3
Let z(d) = -d**2 + 7*d - 7. Let r be z(6). Let j be -3 - -3 - ((-6)/2 - -1). Let l(b) = -38*b + 5*b**j - 36*b + 75*b. Calculate l(r).
4
Let k(c) = -c**2 + 2*c + 17. Let m = -1051 - -1058. Determine k(m).
-18
Let c(n) = -4*n + 4. Let y(v) = v**2 - 23*v - 14. Let m be y(25). Suppose 5*a + 51 = m. Give c(a).
16
Suppose -l + 24*f - 20*f = -5, 5*l - 4*f = 25. Let q(p) = 5*p + 18. Let o(k) = 3*k + 9. Let u(r) = -7*o(r) + 4*q(r). What is u(l)?
4
Let u be -6*(-2*1 + 35/14). Let i(m) = 5*m - 2*m**2 + 3 - m**3 - 2 +